highest common factor of 123 and 56293.
41
Calculate the highest common divisor of 1230 and 1710.
30
What is the highest common factor of 1985544 and 2484?
828
What is the greatest common divisor of 1314 and 3981858?
438
What is the highest common divisor of 608 and 204592?
304
What is the greatest common factor of 8182265 and 273?
91
Calculate the highest common divisor of 845912 and 82.
82
Calculate the highest common divisor of 48 and 18132.
12
Calculate the greatest common divisor of 4912 and 20569.
307
What is the greatest common factor of 64681 and 1633?
71
What is the greatest common factor of 20835 and 18?
9
What is the greatest common factor of 179828 and 268?
268
What is the greatest common factor of 108 and 4434?
6
What is the greatest common factor of 4760 and 193460?
340
Calculate the greatest common factor of 3 and 12219.
3
What is the highest common factor of 78385 and 61?
61
What is the greatest common divisor of 5762 and 38313?
43
What is the highest common factor of 4825781 and 211?
211
What is the highest common divisor of 168 and 788298?
42
What is the highest common divisor of 66 and 213004?
22
What is the highest common factor of 7638 and 42066?
114
Calculate the greatest common factor of 69 and 242765.
23
Calculate the greatest common divisor of 11033 and 26609.
649
Calculate the highest common divisor of 12069 and 3321.
81
What is the highest common divisor of 30 and 168195?
15
Calculate the highest common divisor of 4830 and 21045.
345
Calculate the highest common factor of 58308 and 215.
43
Calculate the greatest common factor of 46 and 42527.
23
What is the highest common factor of 559 and 6877?
13
What is the greatest common factor of 648 and 352488?
24
Calculate the greatest common divisor of 408 and 6744.
24
Calculate the highest common divisor of 264300 and 300.
300
Calculate the greatest common divisor of 514368 and 3040.
608
Calculate the highest common factor of 45 and 3235.
5
Calculate the greatest common divisor of 51220 and 120.
20
Calculate the greatest common divisor of 711 and 33022.
79
What is the highest common divisor of 88 and 36?
4
Calculate the greatest common divisor of 211810 and 1180.
590
Calculate the greatest common divisor of 24 and 7528.
8
Calculate the highest common divisor of 387 and 1359.
9
Calculate the highest common divisor of 6677 and 407.
11
Calculate the highest common divisor of 65297 and 501.
167
What is the greatest common factor of 1072 and 22579?
67
Calculate the highest common divisor of 14542 and 187.
11
What is the highest common divisor of 2508625 and 427?
427
What is the greatest common factor of 33 and 88869?
33
What is the highest common factor of 14868 and 259?
7
Calculate the highest common factor of 123779 and 82.
41
Calculate the greatest common divisor of 32 and 8621408.
32
Calculate the highest common factor of 270 and 962730.
90
What is the greatest common factor of 19 and 5398?
1
Calculate the highest common divisor of 176690 and 50.
10
Calculate the highest common factor of 143 and 1308879.
143
What is the highest common factor of 28478 and 58?
58
What is the highest common factor of 515 and 515?
515
Calculate the highest common factor of 239086 and 2422.
346
Calculate the greatest common factor of 14065 and 435.
145
What is the greatest common factor of 364 and 365599?
13
What is the highest common divisor of 39591 and 40068?
477
What is the greatest common factor of 2495262 and 294?
42
What is the greatest common factor of 13272 and 3864?
168
What is the highest common divisor of 99437 and 13?
13
Calculate the highest common factor of 112096 and 678.
226
Calculate the greatest common factor of 2191 and 553.
7
What is the highest common factor of 162 and 123201?
81
What is the greatest common factor of 399 and 56829?
57
What is the highest common factor of 253884 and 12?
12
What is the highest common factor of 1134 and 8169?
21
What is the highest common factor of 704 and 2512?
16
Calculate the greatest common divisor of 90 and 193302.
18
What is the highest common divisor of 901 and 1325?
53
What is the highest common divisor of 14 and 71428?
14
What is the highest common divisor of 2600 and 26200?
200
Calculate the greatest common factor of 1168 and 112.
16
Calculate the greatest common divisor of 392425 and 6875.
275
What is the greatest common factor of 491533 and 215?
43
Calculate the highest common factor of 24 and 124602.
6
Calculate the greatest common factor of 9699550 and 8025.
2675
What is the highest common factor of 51099 and 78?
3
What is the highest common divisor of 960 and 10752?
192
What is the greatest common divisor of 312 and 112008?
312
Calculate the highest common divisor of 59128 and 456.
152
What is the highest common factor of 76020 and 20634?
1086
What is the greatest common factor of 1614 and 248018?
538
What is the greatest common divisor of 3280 and 287?
41
What is the highest common factor of 328 and 78608?
8
What is the greatest common factor of 27387 and 4296?
537
What is the highest common divisor of 1114 and 10?
2
What is the greatest common factor of 36 and 118344?
12
What is the highest common factor of 1701 and 23982?
21
Calculate the highest common factor of 60207 and 5593.
329
Calculate the highest common factor of 4 and 34948.
4
Calculate the greatest common divisor of 1649 and 23647.
17
Calculate the greatest common factor of 2968 and 75313.
371
Calculate the greatest common factor of 1070 and 700.
10
What is the greatest common divisor of 596 and 108?
4
Calculate the highest common divisor of 77 and 294231.
7
What is the greatest common factor of 3216 and 1737712?
1072
Calculate the greatest common divisor of 4082 and 1404.
26
Calculate the greatest common divisor of 942 and 93.
3
What is the greatest common factor of 1677812 and 2020?
404
What is the greatest common divisor of 91401 and 51?
3
Calculate the highest common factor of 6820 and 4.
4
Calculate the greatest common factor of 268 and 719379.
67
What is the highest common divisor of 56 and 707588?
28
Calculate the greatest common factor of 4367 and 8371.
11
What is the highest common factor of 143 and 3?
1
What is the greatest common divisor of 9930 and 11040?
30
Calculate the highest common factor of 410872 and 6902.
406
What is the highest common divisor of 6071 and 149440?
467
What is the highest common divisor of 538720 and 4095?
455
What is the highest common factor of 6075 and 1050?
75
Calculate the greatest common divisor of 2513 and 104828.
359
What is the greatest common divisor of 9213 and 2739?
249
What is the greatest common factor of 848256 and 72?
24
Calculate the highest common factor of 1770444 and 624.
156
What is the highest common divisor of 258096 and 12?
12
What is the greatest common factor of 209 and 99363?
11
Calculate the highest common factor of 2907 and 102391.
323
Calculate the greatest common divisor of 406 and 2303.
7
What is the highest common divisor of 1038 and 1128?
6
Calculate the highest common factor of 120 and 439188.
12
Calculate the greatest common divisor of 647634 and 156.
78
What is the greatest common divisor of 235113 and 981?
327
What is the greatest common divisor of 11 and 3641?
11
Calculate the greatest common factor of 149964 and 96.
12
What is the highest common factor of 670 and 3490?
10
Calculate the greatest common factor of 402097 and 38.
19
What is the greatest common factor of 200389 and 42?
7
What is the highest common divisor of 324 and 210204?
36
What is the greatest common factor of 3798 and 1003938?
1266
What is the highest common factor of 4697 and 213073?
427
What is the greatest common divisor of 152 and 1022561?
19
Calculate the greatest common factor of 2235 and 45.
15
What is the greatest common factor of 12925 and 1025?
25
Calculate the greatest common factor of 3630 and 7502.
242
Calculate the greatest common factor of 45489 and 96111.
177
Calculate the highest common divisor of 111330 and 36.
18
What is the highest common divisor of 103121 and 303?
101
What is the highest common divisor of 585 and 20345?
65
What is the greatest common divisor of 2546 and 5282?
38
What is the highest common factor of 44030 and 161?
7
Calculate the highest common divisor of 351 and 24327.
27
Calculate th